+ 4*l - 36 = 0. Let h be (6 - 8)*l/(-8). Is (h + -918)*1*-1 a prime number?
False
Let g = -173755 + 465239. Suppose 153955 = 31*l - g. Is l composite?
False
Suppose 0 = -k - 5*p + 948, k + p - 1553 + 585 = 0. Suppose -98991 = -982*z + k*z. Is z a prime number?
False
Let x = -6602 - -11265. Suppose 5*w + 3*t - x = 547, -t = -4*w + 4151. Is w a composite number?
False
Let t(n) = 3*n**3 - 8*n**2 + 6*n - 9. Let p be (1 + 0 + 14 + -1)/2. Let i be t(p). Suppose 36*x - 38*x + i = 0. Is x a composite number?
True
Let s(j) = 3*j**2 - 11*j + 1. Suppose 13*l = 24*l - 33. Suppose 5*p = x + 48, 3*p = x + l*x + 22. Is s(p) a prime number?
True
Let y(t) = -t**2 + 10*t - 4. Let l be (7 + 1)*(2 - (-9)/(-12)). Let b be y(l). Is 3 + (b/(-10))/((-3)/(-705)) a prime number?
True
Let h be (-2 - -27)*(1 - 14). Is (-3)/39 + (-2736200)/h a prime number?
True
Suppose 35925286 = 421*i - 39951965. Is i a prime number?
False
Let j(t) = -t**2 - 6*t + 36. Let m be j(-9). Suppose -i = -m*d + 8*d + 674, d + i = 672. Is d a composite number?
False
Suppose -9241787 = -63*s + 23651332. Is s composite?
False
Let r(u) = -1322*u + 2609. Is r(-11) prime?
False
Let p(n) = -3017*n - 35. Suppose -5 = 3*g + 2*g + o, -2*g + 4*o - 24 = 0. Is p(g) composite?
True
Suppose 0*m + 580 = -m. Let x = m + -260. Let p = -485 - x. Is p composite?
True
Let i = -544 - -547. Is (10/i - 3) + (-47538)/(-27) a composite number?
True
Let t be (8 - 6 - -10145)/(0 - -1). Let k = t - -20142. Is k prime?
False
Let f(d) = 75*d**2 - d + 3. Suppose -3*r - 45 = -5*q - 7*r, 0 = -3*q + 2*r + 5. Suppose 0 = -3*h + 2*o - 7, 5*h - h = q*o. Is f(h) composite?
True
Suppose -10*u + 108471 = -158399. Is u prime?
True
Suppose 292*u - 1809590 = 288*u + 2*q, -q = -7. Is u composite?
False
Let p(t) = -t**2 - 79*t - 59. Is p(-60) prime?
False
Suppose -3*b - 2*a + 21 = 0, -3*b + 5*a = -b + 5. Suppose -b*w = 3*w - 16. Suppose -7*u + w*u + 2110 = 0. Is u a prime number?
False
Let y = 166041 - -131540. Is y prime?
True
Suppose 15 - 25 = -2*m, 4*m - 16 = -4*n. Is -1 + 23796 + 0 - (n + 1) a prime number?
False
Is ((-1 - 0) + 0)*(-4 - (1 - -5142)) a composite number?
False
Let c be (0 - 1) + 2/3*39. Suppose 11 + c = 4*f. Let s(j) = 31*j - 28. Is s(f) composite?
False
Let u(m) = 11504*m - 3. Let a be u(1). Let f = -7254 + a. Is f prime?
False
Let i(u) = 9*u**3 + 11*u**2 + 50*u + 51. Is i(28) composite?
False
Let q = 52385 + 17430. Is q a composite number?
True
Let z(g) = -31*g**2 - 5*g + 49. Let b be z(7). Let f = 10687 + b. Is f a prime number?
False
Let p(z) = -241*z - 1. Let y be 0/8 + 0 + -2. Is p(y) a composite number?
True
Let b = 26237 - 6780. Is b prime?
True
Suppose g = 1122 - 1123, -3*f = -5*g - 776288. Is f a prime number?
False
Let f(q) = -q**3 - 6*q**2 - 4*q + 7. Let p be f(-5). Suppose 5*a + i - 11578 = 0, 0 = 3*a - i - 9222 + 2264. Is (-3)/2 + a/p a prime number?
False
Suppose 0 = u - 0*t + 3*t + 2046, t - 6098 = 3*u. Let n = u + 4537. Is n prime?
True
Suppose -2980047 + 10716028 = 23*c. Is c a prime number?
False
Suppose 0 = 8*o - 14*o + 228. Suppose o*h + 3512 = 42*h. Is h composite?
True
Suppose -2*b = -3*w + 1775469, -3742*b = -5*w - 3740*b + 2959123. Is w prime?
True
Let c be (-7207 + 3)*(-3)/12. Let w = -1078 + c. Suppose w - 18 = 3*l. Is l composite?
True
Let j(i) = 801*i**2 + 4*i + 7. Suppose -11 = -4*c - 19. Is j(c) a composite number?
False
Suppose -211*h = -214*h + 70923. Is h a prime number?
False
Suppose 3*u - p - 13 = 0, 0*u = 2*u + 2*p - 6. Suppose u*s - 2217 = -c, 3*s + 5*c - 1654 = 6*c. Is s prime?
False
Suppose -5*t = 4*r - 470335 + 148634, 0 = -2*t + 10. Is r a composite number?
True
Let f = 45913 + -9080. Is f a composite number?
False
Suppose 2*l - 3030 = 4*l + 2*y, 5*y - 6060 = 4*l. Let q = -233 - l. Is q a composite number?
True
Let k = -415 - -441. Suppose k*q = 12958 + 225540. Is q a prime number?
True
Let o(a) = -1983*a**3 + 11*a**2 + 43*a + 91. Is o(-14) prime?
False
Suppose 98*p - 395340 = 2057698. Is p a prime number?
True
Suppose 3*h = -2*t - 2*t - 6, 4*h - t = -27. Let d(k) = -348*k - 13. Let w(j) = -697*j - 27. Let c(r) = h*w(r) + 13*d(r). Is c(-5) prime?
False
Let v(x) = 506*x**2 + 3*x - 2. Let r be v(4). Suppose -2*g + d = 3*g - r, -d - 3243 = -2*g. Let h = -936 + g. Is h a prime number?
False
Suppose 10 = 2*m - 542. Suppose m = -3*q + 756. Suppose -2168 = -8*g - q. Is g a composite number?
False
Let h = -35 + 37. Suppose -6054 = -2*p - 5*x, h*x - 1384 - 1645 = -p. Is p a prime number?
True
Let x(w) = 25 + 40 - 4*w + 3*w + 16 - 82 - 4*w**2 + 21*w**3. Let b = 1 - -1. Is x(b) a composite number?
False
Suppose 24*o + 45*o - 113372 = 41*o. Is o prime?
True
Is ((-207)/18 - -11)*(-241384 - -2) composite?
False
Suppose -80*f + 7989214 + 35375026 = 0. Is f a prime number?
True
Suppose -8*m - 1 = -10*m + 3*w, -5 = -5*w. Suppose 0 = -2*q + 4*f + 38238, q + m*f = 3*q - 38240. Is q a composite number?
False
Let h be (-18)/12 + 27/(-6). Let d = 8 + h. Suppose -d*t + 3*l = -1738, -3*l + 0*l - 875 = -t. Is t a prime number?
True
Let w be ((-293)/34 + (-6)/(-51))*-4. Suppose 18627 = w*q - 55255. Is q a composite number?
True
Let p(s) = 2*s**2 + s + 2. Let m(q) = 33*q**2 - q + 2. Let z(j) = m(j) + 3*p(j). Let b = -3 + 0. Is z(b) a composite number?
False
Let x(r) be the first derivative of 392*r**2 + 41*r - 15. Is x(11) a prime number?
False
Suppose 26 = 5*n - 79. Suppose 15*k - 114 - n = 0. Suppose -1923 = k*l - 12*l. Is l a composite number?
False
Let f be (1*(-30284)/8)/(23/(-46)). Let b = -3982 + f. Is b composite?
True
Suppose 2*v + 5 = 7*v. Suppose 2*u - v = 13. Suppose -60 = -h + u. Is h a prime number?
True
Is 2166896 - (-11 + 3 - 13) composite?
False
Let q be 50/6*(5477 - 74). Suppose 731*w - 726*w = q. Is w prime?
False
Let k = -689 + 1312. Suppose d - 751 = -r, -2*d - 2125 = -2*r - k. Is r prime?
True
Suppose -8*r = r - 90. Let b be r/35 + 978/7. Let h = -51 + b. Is h a prime number?
True
Suppose 58*x - 56*x = -54. Is 6/x - (-8624)/9 a prime number?
False
Let a = 608 - 603. Let t = 12 + -6. Suppose 0*u + 2*u = t, -a*o - 2*u + 1781 = 0. Is o composite?
True
Let c(o) = -52309*o + 2701. Is c(-4) a prime number?
False
Is 84/126 + 269540/6 + 3 composite?
False
Let p = 434 - 135. Let j = p - 185. Suppose 0 = 3*t + w - 22 - 318, t + w = j. Is t a prime number?
True
Let b(h) = 3*h**2 - h + 7. Let a be b(-4). Let v(p) = -p**2 - 36*p - 110. Let m be v(-10). Let c = m - a. Is c a composite number?
True
Suppose -3*b + 1073901 = 2*p, -3*p + 357967 = 465*b - 464*b. Is b a prime number?
True
Suppose 0 = -21*v + 24*v + 540. Is (3*(-15)/v)/((-2)/(-132824)) composite?
False
Suppose 8*w = -3*b + 5*w - 1947, -2*b + 4*w = 1298. Let c = b - -1278. Is c a prime number?
False
Suppose -491933 = -5*b + 2*x, -2*x = 5*b - 260046 - 231891. Is b composite?
False
Suppose -5*h + 19 + 16 = -s, 3*h - 105 = 2*s. Let v = 57 + s. Let o(i) = 78*i**2 + 3*i + 10. Is o(v) prime?
False
Suppose -5*z + 41100 = 6*l - l, -4*l = 2*z - 16434. Suppose j - 2*q = z, 2*j = 3*q - q + 16440. Suppose 2008 = 5*r - j. Is r composite?
True
Let h(q) = -q**2 + 7*q + 6. Let c be h(7). Suppose -2*m - 2*m = t - 7568, 0 = 2*m + 3*t - 3774. Suppose -3*a = -c*a + m. Is a a prime number?
True
Let h(i) = 99*i**2 - 29*i - 43. Let q be h(16). Suppose -73*f + 76*f = q. Is f prime?
False
Is (-1)/(9/(-753162))*(-6)/(-4) prime?
True
Suppose 0 = 3*o - 4*n + 7817, 17*n - 21*n + 5206 = -2*o. Is ((-3)/(42/o))/((-1)/(-34)) a prime number?
False
Let q(f) = f**3 + 5*f**2 + 7*f + 4. Let k be q(-2). Let i be (-15 - -10) + k*4. Suppose 0 = -5*j + i*y + 8270, 2*y - 2434 + 10699 = 5*j. Is j composite?
True
Let o(i) = -785*i + 732. Is o(-13) prime?
True
Let v be 3922/(-185)*5/(-2). Suppose -i + 18 = -0*i. Let c = i + v. Is c composite?
False
Let t(a) = 12278*a + 215. Is t(7) a composite number?
False
Suppose -144 = 16*j - 28*j. Is j/(-18)*-6*15627/12 a composite number?
False
Let j(r) = -4418*r + 2. Let a(u) = 13255*u - 4. Let y(z) = -3*a(z) - 8*j(z). Is y(-1) a composite number?
True
Let g(b) = 98*b**2 - 96*b - 1. Let i be g(11). Suppose -6*n + i = -857. Is n a composite number?
True
Let g(j) be the third derivative of 43*j**4/12 - 61*j**3/2 + j**2 - 47. Is g(20) a composite number?
True
Let i(d) = d**3 - 4*d**2 - 6*d + 7. Let s be i(5). Suppose -s*v - 2*v = 5*o - 2671, -